r of 2072?
True
Is 81 a factor of 460?
False
Is 11808 a multiple of 369?
True
Is 23562 a multiple of 9?
True
Is 7 a factor of 5186?
False
Does 51 divide 17873?
False
Does 41 divide 653?
False
Does 35 divide 7910?
True
Is 76004 a multiple of 111?
False
Does 104 divide 13359?
False
Is 33 a factor of 512?
False
Is 25 a factor of 525?
True
Is 14 a factor of 6538?
True
Is 1005 a multiple of 10?
False
Does 23 divide 759?
True
Does 20 divide 180?
True
Is 3350 a multiple of 23?
False
Does 69 divide 11758?
False
Does 91 divide 31213?
True
Is 869 a multiple of 11?
True
Is 208 a multiple of 13?
True
Does 17 divide 564?
False
Is 250 a multiple of 10?
True
Is 81 a factor of 20007?
True
Is 40460 a multiple of 140?
True
Is 6 a factor of 619?
False
Is 31 a factor of 4092?
True
Is 62 a factor of 103106?
True
Does 21 divide 1932?
True
Does 274 divide 39229?
False
Is 44 a factor of 587?
False
Is 32387 a multiple of 139?
True
Is 94 a factor of 107254?
True
Is 30 a multiple of 13?
False
Does 24 divide 702?
False
Is 16 a factor of 2928?
True
Is 11 a factor of 8580?
True
Does 81 divide 22543?
False
Is 20 a factor of 3289?
False
Is 1535 a multiple of 64?
False
Does 143 divide 13847?
False
Does 30 divide 4740?
True
Is 7 a factor of 12704?
False
Does 3 divide 261?
True
Is 13 a factor of 4407?
True
Is 40 a factor of 10909?
False
Is 69 a factor of 1449?
True
Is 2 a factor of 22?
True
Is 391 a multiple of 19?
False
Is 11880 a multiple of 3?
True
Is 6382 a multiple of 30?
False
Does 24 divide 3690?
False
Is 3 a factor of 513?
True
Does 21 divide 5103?
True
Is 4805 a multiple of 13?
False
Is 7970 a multiple of 5?
True
Does 23 divide 2369?
True
Is 1197 a multiple of 19?
True
Is 32470 a multiple of 94?
False
Is 35 a factor of 700?
True
Is 3379 a multiple of 97?
False
Is 51 a factor of 349?
False
Is 2754 a multiple of 6?
True
Is 3 a factor of 137?
False
Does 71 divide 18689?
False
Is 90 a factor of 5850?
True
Is 49 a factor of 10633?
True
Is 30 a multiple of 10?
True
Is 157 a factor of 9420?
True
Is 43785 a multiple of 21?
True
Is 114 a multiple of 19?
True
Is 2328 a multiple of 6?
True
Is 4 a factor of 752?
True
Is 56 a factor of 20384?
True
Is 12 a factor of 26808?
True
Is 13 a factor of 871?
True
Does 86 divide 22790?
True
Is 1097 a multiple of 23?
False
Is 12 a factor of 11403?
False
Is 2415 a multiple of 68?
False
Is 226 a multiple of 4?
False
Does 15 divide 3124?
False
Is 40 a factor of 1387?
False
Does 15 divide 6900?
True
Is 4244 a multiple of 5?
False
Is 1455 a multiple of 97?
True
Is 11 a multiple of 4?
False
Does 14 divide 28?
True
Is 2800 a multiple of 8?
True
Does 3 divide 41?
False
Does 5 divide 665?
True
Is 2 a factor of 1317?
False
Is 156 a multiple of 3?
True
Is 11 a factor of 3421?
True
Is 4 a factor of 465?
False
Is 14 a multiple of 2?
True
Does 21 divide 3507?
True
Is 8 a factor of 802?
False
Is 1501 a multiple of 18?
False
Does 121 divide 7744?
True
Is 165 a factor of 17490?
True
Is 101 a factor of 3838?
True
Is 54582 a multiple of 66?
True
Is 28725 a multiple of 6?
False
Does 56 divide 4144?
True
Does 103 divide 9270?
True
Does 19 divide 760?
True
Is 3411 a multiple of 9?
True
Is 44 a factor of 12672?
True
Is 28759 a multiple of 6?
False
Is 6 a factor of 741?
False
Is 24 a factor of 51000?
True
Is 1196 a multiple of 26?
True
Is 23 a factor of 5216?
False
Does 26 divide 2184?
True
Is 3 a factor of 448?
False
Is 35446 a multiple of 330?
False
Is 13 a factor of 2276?
False
Does 75 divide 14850?
True
Does 3 divide 21035?
False
Is 753 a multiple of 43?
False
Is 18 a factor of 23958?
True
Does 17 divide 1547?
True
Is 440 a multiple of 20?
True
Is 3186 a multiple of 18?
True
Is 588 a multiple of 7?
True
Is 1747 a multiple of 33?
False
Is 13 a factor of 193?
False
Does 9 divide 7197?
False
Is 137 a factor of 15948?
False
Is 728 a multiple of 91?
True
Is 44 a factor of 352?
True
Does 176 divide 20528?
False
Does 124 divide 5828?
True
Does 152 divide 45752?
True
Is 8460 a multiple of 12?
True
Is 87 a factor of 16965?
True
Is 1080 a multiple of 20?
True
Does 26 divide 2497?
False
Is 1342 a multiple of 21?
False
Does 62 divide 2428?
False
Is 860 a multiple of 20?
True
Is 1156 a multiple of 43?
False
Does 7 divide 5673?
False
Does 14 divide 22525?
False
Is 35 a factor of 55326?
False
Does 8 divide 1854?
False
Is 62 a factor of 15252?
True
Is 17 a factor of 1037?
True
Is 16 a factor of 11779?
False
Does 104 divide 36712?
True
Is 2 a factor of 428?
True
Is 1134 a multiple of 81?
True
Does 12 divide 430?
False
Is 1881 a multiple of 57?
True
Is 254 a multiple of 26?
False
Is 3341 a multiple of 29?
False
Is 10 a factor of 455?
False
Is 20322 a multiple of 85?
False
Is 63 a factor of 1134?
True
Is 33 a factor of 1112?
False
Is 18114 a multiple of 174?
False
Is 462 a multiple of 22?
True
Is 2909 a multiple of 12?
False
Is 42 a factor of 13597?
False
Is 23 a factor of 6762?
True
Does 5 divide 67980?
True
Does 16 divide 896?
True
Is 44 a factor of 91?
False
Is 11134 a multiple of 26?
False
Is 72 a factor of 1224?
True
Is 102 a factor of 15733?
False
Is 7 a factor of 17?
False
Is 16 a factor of 3451?
False
Is 12167 a multiple of 62?
False
Does 17 divide 714?
True
Is 65695 a multiple of 35?
True
Does 89 divide 4450?
True
Does 24 divide 1272?
True
Does 84 divide 8904?
True
Does 54 divide 7074?
True
Is 3913 a multiple of 43?
True
Is 26 a factor of 364?
True
Is 22 a factor of 14373?
False
Does 5 divide 115?
True
Does 7 divide 1544?
False
Is 9 a factor of 2682?
True
Is 4040 a multiple of 9?
False
Does 16 divide 8128?
True
Is 9 a factor of 1469?
False
Is 10155 a multiple of 2?
False
Is 21 a factor of 29645?
False
Is 58 a factor of 8512?
False
Is 59 a multiple of 27?
False
Is 477 a factor of 118773?
True
Does 40 divide 5840?
True
Does 26 divide 34487?
False
Does 105 divide 54055?
False
Is 18587 a multiple of 32?
False
Is 22968 a multiple of 29?
True
Does 5 divide 125?
True
Is 1450 a multiple of 11?
False
Is 4 a factor of 66?
False
Is 4720 a multiple of 20?
True
Is 5091 a multiple of 4?
False
Does 52 divide 848?
False
Is 22 a factor of 17952?
True
Is 612 a multiple of 68?
True
Does 7 divide 20307?
True
Is 32353 a multiple of 32?
False
Is 65 a multiple of 13?
True
Is 12 a factor of 93672?
True
Is 926 a multiple of 49?
False
Does 146 divide 5402?
True
Is 7114 a multiple of 56?
False
Is 95472 a multiple of 24?
True
Does 19 divide 721?
False
Does 20 divide 1480?
True
Is 7770 a multiple of 30?
True
Is 736 a multiple of 16?
True
Is 163 a multiple of 12?
False
Does 33 divide 5466?
False
Is 85 a factor of 17340?
True
Is 14 a factor of 1568?
True
Is 1066 a multiple of 82?
True
Does 14 divide 3239?
False
Is 910 a multiple of 12?
False
Is 43 a factor of 3655?
True
Does 34 divide 4291?
False
Does 29 divide 1087?
False
Is 3147 a multiple of 6?
False
Is 5226 a multiple of 26?
True
Does 64 divide 7424?
True
Is 13560 a multiple of 24?
True
Does 33 divide 834?
False
Is 43416 a multiple of 9?
True
Does 14 divide 13090?
True
Is 22 a factor of 6556?
True
Is 127 a factor of 10981?
False
Is 2835 a multiple of 5?
True
Does 9 divide 792?
True
Is 1685 a multiple of 7?
False
Does 29 divide 647?
False
Does 5 divide 5300?
True
Is 65 a multiple of 65?
True
Is 14 a factor of 756?
True
Is 3202 even?
True
Does 53 divide 1537?
True
Is 12 a multiple of 3?
True
Is 54470 a multiple of 48?
False
Is 26 a factor of 196?
False
Is 23 a factor of 5388?
False
Is 28 a factor of 3411?
False
Is 1680 a multiple of 20?
True
Does 64 divide 1280?
True
Is 105 a factor of 2729?
False
Is 57 a factor of 798?
True
Is 122895 a multiple of 15?
True
Does 27 divide 1820?
False
Is 1145 a multiple of 10?
False
Is 40 a factor of 80?
True
Is 16 a factor of 112?
True
Does 108 divide 2288?
False
Is 156 a multiple of 12?
True
Does 23 divide 3260?
False
Is 7 a factor of 1239?
True
Is 477 a multiple of 41?
False
Does 23 divide 14156?
False
Is 9788 a multiple of 42?
False
Is 5423 a multiple of 28?
False
Does 84 divide 5124?
True
Is 44064 a multiple of 81?
True
Is 314 a factor of 57627?
False
Does 12 divide 2012?
False
Does 16 divide 30527?
False
Does 81 divide 11511?
False
Is 1330 a multiple of 14?
True
Is 1059 a multiple of 9?
False
Does 92 divide 1223?
False
Is 20601 a multiple of 7?
True
Is 273 a multiple of 5?
False
Does 9 divide 3755?
False
Is